{"id":11,"date":"2021-08-28T10:45:53","date_gmt":"2021-08-28T08:45:53","guid":{"rendered":"http:\/\/mariage-amaryllia-nicolas.fr\/?page_id=11"},"modified":"2022-08-01T16:12:36","modified_gmt":"2022-08-01T14:12:36","slug":"infos-pratiques","status":"publish","type":"page","link":"https:\/\/mariage-amaryllia-nicolas.fr\/?page_id=11","title":{"rendered":"Informations pratiques"},"content":{"rendered":"\n<p>Voici les adresses :<\/p>\n\n\n\n<ul><li>Mairie : 22 Rue Olivier de Clisson, 44430 La Remaudi\u00e8re<\/li><li>Eglise : Place de l&#8217;Eglise, 44430 La Remaudi\u00e8re<\/li><li>Domaine de Marie : 1 Rue du Temple, 49110 Montrevault-sur-\u00c8vre<\/li><\/ul>\n\n\n\n<p><\/p>\n\n\n\n<div class=\"wp-block-group\"><div class=\"wp-block-group__inner-container\"><\/div><\/div>\n","protected":false},"excerpt":{"rendered":"<p>Voici les adresses : Mairie : 22 Rue Olivier de Clisson, 44430 La Remaudi\u00e8re Eglise : Place de l&#8217;Eglise, 44430 La Remaudi\u00e8re Domaine de Marie : 1 Rue du Temple, 49110 Montrevault-sur-\u00c8vre<\/p>\n","protected":false},"author":2,"featured_media":0,"parent":0,"menu_order":0,"comment_status":"closed","ping_status":"closed","template":"","meta":[],"_links":{"self":[{"href":"https:\/\/mariage-amaryllia-nicolas.fr\/index.php?rest_route=\/wp\/v2\/pages\/11"}],"collection":[{"href":"https:\/\/mariage-amaryllia-nicolas.fr\/index.php?rest_route=\/wp\/v2\/pages"}],"about":[{"href":"https:\/\/mariage-amaryllia-nicolas.fr\/index.php?rest_route=\/wp\/v2\/types\/page"}],"author":[{"embeddable":true,"href":"https:\/\/mariage-amaryllia-nicolas.fr\/index.php?rest_route=\/wp\/v2\/users\/2"}],"replies":[{"embeddable":true,"href":"https:\/\/mariage-amaryllia-nicolas.fr\/index.php?rest_route=%2Fwp%2Fv2%2Fcomments&post=11"}],"version-history":[{"count":5,"href":"https:\/\/mariage-amaryllia-nicolas.fr\/index.php?rest_route=\/wp\/v2\/pages\/11\/revisions"}],"predecessor-version":[{"id":91,"href":"https:\/\/mariage-amaryllia-nicolas.fr\/index.php?rest_route=\/wp\/v2\/pages\/11\/revisions\/91"}],"wp:attachment":[{"href":"https:\/\/mariage-amaryllia-nicolas.fr\/index.php?rest_route=%2Fwp%2Fv2%2Fmedia&parent=11"}],"curies":[{"name":"wp","href":"https:\/\/api.w.org\/{rel}","templated":true}]}}